{"id":271,"date":"2025-10-29T04:24:10","date_gmt":"2025-10-29T03:24:10","guid":{"rendered":"https:\/\/cerese-group.com\/app\/?page_id=271"},"modified":"2025-12-16T17:04:24","modified_gmt":"2025-12-16T16:04:24","slug":"innovation-et-systemes-intelligents","status":"publish","type":"page","link":"https:\/\/cerese-group.com\/app\/services\/innovation-et-systemes-intelligents\/","title":{"rendered":"D\u00e9partement Innovation et Syst\u00e8mes Intelligents"},"content":{"rendered":"\t\t<div data-elementor-type=\"wp-page\" data-elementor-id=\"271\" class=\"elementor elementor-271\" data-elementor-post-type=\"page\">\n\t\t\t\t<div class=\"elementor-element elementor-element-2abf2116 e-con-full e-flex e-con e-parent\" data-id=\"2abf2116\" data-element_type=\"container\">\n\t\t<div class=\"elementor-element elementor-element-5db91d97 e-flex e-con-boxed e-con e-child\" data-id=\"5db91d97\" data-element_type=\"container\" data-settings=\"{&quot;background_background&quot;:&quot;gradient&quot;}\">\n\t\t\t\t\t<div class=\"e-con-inner\">\n\t\t\t\t<div class=\"elementor-element elementor-element-987e4dc elementor-widget elementor-widget-heading\" data-id=\"987e4dc\" data-element_type=\"widget\" data-settings=\"{&quot;ekit_we_effect_on&quot;:&quot;none&quot;}\" data-widget_type=\"heading.default\">\n\t\t\t\t\t<h1 class=\"elementor-heading-title elementor-size-default\">Innovation et Syst\u00e8mes Intelligents<\/h1>\t\t\t\t<\/div>\n\t\t\t\t<div class=\"elementor-element elementor-element-27048c13 elementor-widget elementor-widget-text-editor\" data-id=\"27048c13\" data-element_type=\"widget\" data-settings=\"{&quot;ekit_we_effect_on&quot;:&quot;none&quot;}\" data-widget_type=\"text-editor.default\">\n\t\t\t\t\t\t\t\t\t<p><a href=\"https:\/\/cerese-group.com\/app\/\">Accueil<\/a>&gt;<a href=\"https:\/\/cerese-group.com\/app\/services\/\"> Services<\/a> &gt; Innovation et Syst\u00e8mes Intelligents<\/p>\t\t\t\t\t\t\t\t<\/div>\n\t\t\t\t\t<\/div>\n\t\t\t\t<\/div>\n\t\t\t\t<\/div>\n\t\t<div class=\"elementor-element elementor-element-78045e6f e-flex e-con-boxed e-con e-parent\" data-id=\"78045e6f\" data-element_type=\"container\">\n\t\t\t\t\t<div class=\"e-con-inner\">\n\t\t<div class=\"elementor-element elementor-element-5157d5ce e-con-full e-flex e-con e-child\" data-id=\"5157d5ce\" data-element_type=\"container\">\n\t\t\t\t<div class=\"elementor-element elementor-element-2afcee0c elementor-widget elementor-widget-heading\" data-id=\"2afcee0c\" data-element_type=\"widget\" data-settings=\"{&quot;ekit_we_effect_on&quot;:&quot;none&quot;}\" data-widget_type=\"heading.default\">\n\t\t\t\t\t<h2 class=\"elementor-heading-title elementor-size-default\">Intelligence environnementale et solutions num\u00e9riques.<\/h2>\t\t\t\t<\/div>\n\t\t\t\t<div class=\"elementor-element elementor-element-21612965 elementor-widget elementor-widget-text-editor\" data-id=\"21612965\" data-element_type=\"widget\" data-settings=\"{&quot;ekit_we_effect_on&quot;:&quot;none&quot;}\" data-widget_type=\"text-editor.default\">\n\t\t\t\t\t\t\t\t\t<p data-start=\"4590\" data-end=\"4826\">L\u2019innovation est au c\u0153ur de la strat\u00e9gie du CERESE.<br data-start=\"4641\" data-end=\"4644\" \/>Ce d\u00e9partement d\u00e9veloppe des <strong data-start=\"4673\" data-end=\"4764\">solutions technologiques bas\u00e9es sur l\u2019IoT, la mod\u00e9lisation num\u00e9rique et la data science<\/strong>, pour transformer les donn\u00e9es en outils d\u2019aide \u00e0 la d\u00e9cision.<\/p><h3 data-start=\"4828\" data-end=\"4859\">\u00a0<\/h3>\t\t\t\t\t\t\t\t<\/div>\n\t\t\t\t<div class=\"elementor-element elementor-element-61f55fa8 elementor-widget elementor-widget-image\" data-id=\"61f55fa8\" data-element_type=\"widget\" data-settings=\"{&quot;ekit_we_effect_on&quot;:&quot;none&quot;}\" data-widget_type=\"image.default\">\n\t\t\t\t\t\t\t\t\t\t\t\t\t\t\t<img fetchpriority=\"high\" decoding=\"async\" width=\"2560\" height=\"1440\" src=\"https:\/\/cerese-group.com\/app\/wp-content\/uploads\/2025\/10\/DJI_0335-scaled.webp\" class=\"attachment-full size-full wp-image-102\" alt=\"CERESE\" srcset=\"https:\/\/cerese-group.com\/app\/wp-content\/uploads\/2025\/10\/DJI_0335-scaled.webp 2560w, https:\/\/cerese-group.com\/app\/wp-content\/uploads\/2025\/10\/DJI_0335-300x169.webp 300w, https:\/\/cerese-group.com\/app\/wp-content\/uploads\/2025\/10\/DJI_0335-1024x576.webp 1024w, https:\/\/cerese-group.com\/app\/wp-content\/uploads\/2025\/10\/DJI_0335-768x432.webp 768w, https:\/\/cerese-group.com\/app\/wp-content\/uploads\/2025\/10\/DJI_0335-1536x864.webp 1536w, https:\/\/cerese-group.com\/app\/wp-content\/uploads\/2025\/10\/DJI_0335-2048x1152.webp 2048w\" sizes=\"(max-width: 2560px) 100vw, 2560px\" \/>\t\t\t\t\t\t\t\t\t\t\t\t\t\t\t<\/div>\n\t\t\t\t<div class=\"elementor-element elementor-element-2516fda elementor-widget elementor-widget-text-editor\" data-id=\"2516fda\" data-element_type=\"widget\" data-settings=\"{&quot;ekit_we_effect_on&quot;:&quot;none&quot;}\" data-widget_type=\"text-editor.default\">\n\t\t\t\t\t\t\t\t\t<h3 data-start=\"4828\" data-end=\"4859\"><strong data-start=\"4832\" data-end=\"4859\">Nos domaines d\u2019action :<\/strong><\/h3><ul data-start=\"4860\" data-end=\"5264\"><li data-start=\"4860\" data-end=\"5005\"><p data-start=\"4862\" data-end=\"5005\"><strong data-start=\"4862\" data-end=\"4885\">IoT environnemental<\/strong> : conception de r\u00e9seaux de capteurs connect\u00e9s pour le suivi en temps r\u00e9el de la qualit\u00e9 de l\u2019eau, du sol ou de l\u2019air.<\/p><\/li><li data-start=\"5006\" data-end=\"5143\"><p data-start=\"5008\" data-end=\"5143\"><strong data-start=\"5008\" data-end=\"5041\">Mod\u00e9lisation environnementale<\/strong> : simulation des dynamiques des \u00e9cosyst\u00e8mes pour anticiper les risques et appuyer la planification.<\/p><\/li><li data-start=\"5144\" data-end=\"5264\"><p data-start=\"5146\" data-end=\"5264\"><strong data-start=\"5146\" data-end=\"5174\">Outils digitaux de suivi<\/strong> : cr\u00e9ation de tableaux de bord interactifs, syst\u00e8mes SIG et plateformes collaboratives.<\/p><\/li><\/ul><h3 data-start=\"5266\" data-end=\"5285\">\u00a0<\/h3>\t\t\t\t\t\t\t\t<\/div>\n\t\t\t\t<div class=\"elementor-element elementor-element-89f4c54 elementor-widget elementor-widget-image-gallery\" data-id=\"89f4c54\" data-element_type=\"widget\" data-settings=\"{&quot;ekit_we_effect_on&quot;:&quot;none&quot;}\" data-widget_type=\"image-gallery.default\">\n\t\t\t\t\t\t\t<div class=\"elementor-image-gallery\">\n\t\t\t<div id='gallery-1' class='gallery galleryid-271 gallery-columns-2 gallery-size-thumbnail'><figure class='gallery-item'>\n\t\t\t<div class='gallery-icon portrait'>\n\t\t\t\t<a data-elementor-open-lightbox=\"yes\" data-elementor-lightbox-slideshow=\"89f4c54\" data-elementor-lightbox-title=\"20230428_095830\" data-e-action-hash=\"#elementor-action%3Aaction%3Dlightbox%26settings%3DeyJpZCI6Njg0LCJ1cmwiOiJodHRwczpcL1wvY2VyZXNlLWdyb3VwLmNvbVwvYXBwXC93cC1jb250ZW50XC91cGxvYWRzXC8yMDI1XC8xMlwvMjAyMzA0MjhfMDk1ODMwLXNjYWxlZC5qcGciLCJzbGlkZXNob3ciOiI4OWY0YzU0In0%3D\" href='https:\/\/cerese-group.com\/app\/wp-content\/uploads\/2025\/12\/20230428_095830-scaled.jpg'><img decoding=\"async\" width=\"150\" height=\"150\" src=\"https:\/\/cerese-group.com\/app\/wp-content\/uploads\/2025\/12\/20230428_095830-150x150.jpg\" class=\"attachment-thumbnail size-thumbnail\" alt=\"\" \/><\/a>\n\t\t\t<\/div><\/figure><figure class='gallery-item'>\n\t\t\t<div class='gallery-icon landscape'>\n\t\t\t\t<a data-elementor-open-lightbox=\"yes\" data-elementor-lightbox-slideshow=\"89f4c54\" data-elementor-lightbox-title=\"cpr1\" data-e-action-hash=\"#elementor-action%3Aaction%3Dlightbox%26settings%3DeyJpZCI6MTEyLCJ1cmwiOiJodHRwczpcL1wvY2VyZXNlLWdyb3VwLmNvbVwvYXBwXC93cC1jb250ZW50XC91cGxvYWRzXC8yMDI1XC8xMFwvY3ByMS5qcGciLCJzbGlkZXNob3ciOiI4OWY0YzU0In0%3D\" href='https:\/\/cerese-group.com\/app\/wp-content\/uploads\/2025\/10\/cpr1.jpg'><img decoding=\"async\" width=\"150\" height=\"150\" src=\"https:\/\/cerese-group.com\/app\/wp-content\/uploads\/2025\/10\/cpr1-150x150.jpg\" class=\"attachment-thumbnail size-thumbnail\" alt=\"\" srcset=\"https:\/\/cerese-group.com\/app\/wp-content\/uploads\/2025\/10\/cpr1-150x150.jpg 150w, https:\/\/cerese-group.com\/app\/wp-content\/uploads\/2025\/10\/cpr1-300x300.jpg 300w, https:\/\/cerese-group.com\/app\/wp-content\/uploads\/2025\/10\/cpr1-768x768.jpg 768w, https:\/\/cerese-group.com\/app\/wp-content\/uploads\/2025\/10\/cpr1.jpg 970w\" sizes=\"(max-width: 150px) 100vw, 150px\" \/><\/a>\n\t\t\t<\/div><\/figure>\n\t\t<\/div>\n\t\t<\/div>\n\t\t\t\t\t\t<\/div>\n\t\t\t\t<div class=\"elementor-element elementor-element-1bf8f784 elementor-widget elementor-widget-text-editor\" data-id=\"1bf8f784\" data-element_type=\"widget\" data-settings=\"{&quot;ekit_we_effect_on&quot;:&quot;none&quot;}\" data-widget_type=\"text-editor.default\">\n\t\t\t\t\t\t\t\t\t<h3 data-start=\"5266\" data-end=\"5285\"><strong data-start=\"5270\" data-end=\"5285\">Avantages :<\/strong><\/h3><ul data-start=\"5286\" data-end=\"5505\"><li data-start=\"5286\" data-end=\"5363\"><p data-start=\"5288\" data-end=\"5363\">Am\u00e9lioration de la pr\u00e9cision des mesures et de la rapidit\u00e9 de traitement.<\/p><\/li><li data-start=\"5364\" data-end=\"5431\"><p data-start=\"5366\" data-end=\"5431\">Optimisation de la gestion des ressources et des interventions.<\/p><\/li><li data-start=\"5432\" data-end=\"5505\"><p data-start=\"5434\" data-end=\"5505\">Renforcement de la transparence et du partage de donn\u00e9es entre acteurs.<\/p><\/li><\/ul>\t\t\t\t\t\t\t\t<\/div>\n\t\t\t\t<\/div>\n\t\t<div class=\"elementor-element elementor-element-6c3c9293 e-con-full e-flex e-con e-child\" data-id=\"6c3c9293\" data-element_type=\"container\">\n\t\t<div class=\"elementor-element elementor-element-76e2ee3a e-con-full e-flex e-con e-child\" data-id=\"76e2ee3a\" data-element_type=\"container\">\n\t\t\t\t<div class=\"elementor-element elementor-element-427ed10e elementor-widget elementor-widget-heading\" data-id=\"427ed10e\" data-element_type=\"widget\" data-settings=\"{&quot;ekit_we_effect_on&quot;:&quot;none&quot;}\" data-widget_type=\"heading.default\">\n\t\t\t\t\t<h4 class=\"elementor-heading-title elementor-size-default\">Liste des services<\/h4>\t\t\t\t<\/div>\n\t\t\t\t<div class=\"elementor-element elementor-element-188fa54f elementor-widget elementor-widget-spacer\" data-id=\"188fa54f\" data-element_type=\"widget\" data-settings=\"{&quot;ekit_we_effect_on&quot;:&quot;none&quot;}\" data-widget_type=\"spacer.default\">\n\t\t\t\t\t\t\t<div class=\"elementor-spacer\">\n\t\t\t<div class=\"elementor-spacer-inner\"><\/div>\n\t\t<\/div>\n\t\t\t\t\t\t<\/div>\n\t\t\t\t<div class=\"elementor-element elementor-element-56739e1f elementor-align-justify elementor-widget elementor-widget-button\" data-id=\"56739e1f\" data-element_type=\"widget\" data-settings=\"{&quot;ekit_we_effect_on&quot;:&quot;none&quot;}\" data-widget_type=\"button.default\">\n\t\t\t\t\t\t\t\t\t\t<a class=\"elementor-button elementor-button-link elementor-size-sm\" href=\"https:\/\/cerese-group.com\/app\/etudes-et-ingenierie-environnementale\/\">\n\t\t\t\t\t\t<span class=\"elementor-button-content-wrapper\">\n\t\t\t\t\t\t\t\t\t<span class=\"elementor-button-text\">\u00c9tudes et Ing\u00e9nierie Environnementale<\/span>\n\t\t\t\t\t<\/span>\n\t\t\t\t\t<\/a>\n\t\t\t\t\t\t\t\t<\/div>\n\t\t\t\t<div class=\"elementor-element elementor-element-76b011cd elementor-align-justify elementor-widget elementor-widget-button\" data-id=\"76b011cd\" data-element_type=\"widget\" data-settings=\"{&quot;ekit_we_effect_on&quot;:&quot;none&quot;}\" data-widget_type=\"button.default\">\n\t\t\t\t\t\t\t\t\t\t<a class=\"elementor-button elementor-button-link elementor-size-sm\" href=\"https:\/\/cerese-group.com\/app\/collecte-analyse-de-donnees-et-gestion-des-ecosystemes\/\">\n\t\t\t\t\t\t<span class=\"elementor-button-content-wrapper\">\n\t\t\t\t\t\t\t\t\t<span class=\"elementor-button-text\">Collecte, Analyse de Donn\u00e9es et Gestion des \u00c9cosyst\u00e8mes<\/span>\n\t\t\t\t\t<\/span>\n\t\t\t\t\t<\/a>\n\t\t\t\t\t\t\t\t<\/div>\n\t\t\t\t<div class=\"elementor-element elementor-element-b4976e5 elementor-align-justify elementor-widget elementor-widget-button\" data-id=\"b4976e5\" data-element_type=\"widget\" data-settings=\"{&quot;ekit_we_effect_on&quot;:&quot;none&quot;}\" data-widget_type=\"button.default\">\n\t\t\t\t\t\t\t\t\t\t<a class=\"elementor-button elementor-button-link elementor-size-sm\" href=\"https:\/\/cerese-group.com\/app\/innovation-et-systemes-intelligents\/\">\n\t\t\t\t\t\t<span class=\"elementor-button-content-wrapper\">\n\t\t\t\t\t\t\t\t\t<span class=\"elementor-button-text\">Innovation et Syst\u00e8mes Intelligents<\/span>\n\t\t\t\t\t<\/span>\n\t\t\t\t\t<\/a>\n\t\t\t\t\t\t\t\t<\/div>\n\t\t\t\t<div class=\"elementor-element elementor-element-2b5ae76a elementor-align-justify elementor-widget elementor-widget-button\" data-id=\"2b5ae76a\" data-element_type=\"widget\" data-settings=\"{&quot;ekit_we_effect_on&quot;:&quot;none&quot;}\" data-widget_type=\"button.default\">\n\t\t\t\t\t\t\t\t\t\t<a class=\"elementor-button elementor-button-link elementor-size-sm\" href=\"https:\/\/cerese-group.com\/app\/conseil-et-renforcement-des-capacites\/\">\n\t\t\t\t\t\t<span class=\"elementor-button-content-wrapper\">\n\t\t\t\t\t\t\t\t\t<span class=\"elementor-button-text\">Conseil et Renforcement des Capacit\u00e9s<\/span>\n\t\t\t\t\t<\/span>\n\t\t\t\t\t<\/a>\n\t\t\t\t\t\t\t\t<\/div>\n\t\t\t\t<\/div>\n\t\t<div class=\"elementor-element elementor-element-70163431 e-con-full e-flex e-con e-child\" data-id=\"70163431\" data-element_type=\"container\">\n\t\t<div class=\"elementor-element elementor-element-724030f8 e-con-full e-flex e-con e-child\" data-id=\"724030f8\" data-element_type=\"container\" data-settings=\"{&quot;background_background&quot;:&quot;classic&quot;}\">\n\t\t\t\t<\/div>\n\t\t<div class=\"elementor-element elementor-element-4dab363f e-con-full e-flex e-con e-child\" data-id=\"4dab363f\" data-element_type=\"container\" data-settings=\"{&quot;background_background&quot;:&quot;gradient&quot;}\">\n\t\t\t\t<div class=\"elementor-element elementor-element-a68b1d4 elementor-widget elementor-widget-heading\" data-id=\"a68b1d4\" data-element_type=\"widget\" data-settings=\"{&quot;ekit_we_effect_on&quot;:&quot;none&quot;}\" data-widget_type=\"heading.default\">\n\t\t\t\t\t<h4 class=\"elementor-heading-title elementor-size-default\">Vous avez une question ?\u200b<\/h4>\t\t\t\t<\/div>\n\t\t\t\t<div class=\"elementor-element elementor-element-6e9b44b elementor-widget elementor-widget-text-editor\" data-id=\"6e9b44b\" data-element_type=\"widget\" data-settings=\"{&quot;ekit_we_effect_on&quot;:&quot;none&quot;}\" data-widget_type=\"text-editor.default\">\n\t\t\t\t\t\t\t\t\t<p><strong>Contactez nos experts<\/strong><\/p>\t\t\t\t\t\t\t\t<\/div>\n\t\t\t\t<div class=\"elementor-element elementor-element-5b73edcb elementor-view-stacked elementor-position-left elementor-mobile-position-left elementor-widget-mobile__width-initial elementor-shape-circle elementor-widget elementor-widget-icon-box\" data-id=\"5b73edcb\" data-element_type=\"widget\" data-settings=\"{&quot;ekit_we_effect_on&quot;:&quot;none&quot;}\" data-widget_type=\"icon-box.default\">\n\t\t\t\t\t\t\t<div class=\"elementor-icon-box-wrapper\">\n\n\t\t\t\t\t\t<div class=\"elementor-icon-box-icon\">\n\t\t\t\t<span  class=\"elementor-icon\">\n\t\t\t\t<svg aria-hidden=\"true\" class=\"e-font-icon-svg e-fas-phone-alt\" viewBox=\"0 0 512 512\" xmlns=\"http:\/\/www.w3.org\/2000\/svg\"><path d=\"M497.39 361.8l-112-48a24 24 0 0 0-28 6.9l-49.6 60.6A370.66 370.66 0 0 1 130.6 204.11l60.6-49.6a23.94 23.94 0 0 0 6.9-28l-48-112A24.16 24.16 0 0 0 122.6.61l-104 24A24 24 0 0 0 0 48c0 256.5 207.9 464 464 464a24 24 0 0 0 23.4-18.6l24-104a24.29 24.29 0 0 0-14.01-27.6z\"><\/path><\/svg>\t\t\t\t<\/span>\n\t\t\t<\/div>\n\t\t\t\n\t\t\t\t\t\t<div class=\"elementor-icon-box-content\">\n\n\t\t\t\t\t\t\t\t\t<p class=\"elementor-icon-box-title\">\n\t\t\t\t\t\t<span  >\n\t\t\t\t\t\t\tT\u00e9l\u00e9phone\t\t\t\t\t\t<\/span>\n\t\t\t\t\t<\/p>\n\t\t\t\t\n\t\t\t\t\t\t\t\t\t<p class=\"elementor-icon-box-description\">\n\t\t\t\t\t\t+229 01 426 036 30\t\t\t\t\t<\/p>\n\t\t\t\t\n\t\t\t<\/div>\n\t\t\t\n\t\t<\/div>\n\t\t\t\t\t\t<\/div>\n\t\t\t\t<\/div>\n\t\t\t\t<\/div>\n\t\t\t\t<\/div>\n\t\t\t\t\t<\/div>\n\t\t\t\t<\/div>\n\t\t\t\t<\/div>\n\t\t","protected":false},"excerpt":{"rendered":"<p>Innovation et Syst\u00e8mes Intelligents Accueil&gt; Services &gt; Innovation et Syst\u00e8mes Intelligents Intelligence environnementale et solutions num\u00e9riques. L\u2019innovation est au c\u0153ur de la strat\u00e9gie du CERESE.Ce d\u00e9partement d\u00e9veloppe des solutions technologiques bas\u00e9es sur l\u2019IoT, la mod\u00e9lisation num\u00e9rique et la data science, pour transformer les donn\u00e9es en outils d\u2019aide \u00e0 la d\u00e9cision. \u00a0 Nos domaines d\u2019action : [&hellip;]<\/p>\n","protected":false},"author":1,"featured_media":0,"parent":216,"menu_order":3,"comment_status":"closed","ping_status":"closed","template":"elementor_header_footer","meta":{"footnotes":""},"class_list":["post-271","page","type-page","status-publish","hentry"],"_links":{"self":[{"href":"https:\/\/cerese-group.com\/app\/wp-json\/wp\/v2\/pages\/271","targetHints":{"allow":["GET"]}}],"collection":[{"href":"https:\/\/cerese-group.com\/app\/wp-json\/wp\/v2\/pages"}],"about":[{"href":"https:\/\/cerese-group.com\/app\/wp-json\/wp\/v2\/types\/page"}],"author":[{"embeddable":true,"href":"https:\/\/cerese-group.com\/app\/wp-json\/wp\/v2\/users\/1"}],"replies":[{"embeddable":true,"href":"https:\/\/cerese-group.com\/app\/wp-json\/wp\/v2\/comments?post=271"}],"version-history":[{"count":26,"href":"https:\/\/cerese-group.com\/app\/wp-json\/wp\/v2\/pages\/271\/revisions"}],"predecessor-version":[{"id":917,"href":"https:\/\/cerese-group.com\/app\/wp-json\/wp\/v2\/pages\/271\/revisions\/917"}],"up":[{"embeddable":true,"href":"https:\/\/cerese-group.com\/app\/wp-json\/wp\/v2\/pages\/216"}],"wp:attachment":[{"href":"https:\/\/cerese-group.com\/app\/wp-json\/wp\/v2\/media?parent=271"}],"curies":[{"name":"wp","href":"https:\/\/api.w.org\/{rel}","templated":true}]}}