{"id":253,"date":"2025-10-29T04:17:10","date_gmt":"2025-10-29T03:17:10","guid":{"rendered":"https:\/\/cerese-group.com\/app\/?page_id=253"},"modified":"2025-12-16T16:43:07","modified_gmt":"2025-12-16T15:43:07","slug":"collecte-analyse-de-donnees-et-gestion-des-ecosystemes","status":"publish","type":"page","link":"https:\/\/cerese-group.com\/app\/services\/collecte-analyse-de-donnees-et-gestion-des-ecosystemes\/","title":{"rendered":"Collecte, Analyse de Donn\u00e9es et Gestion des \u00c9cosyst\u00e8mes"},"content":{"rendered":"\t\t<div data-elementor-type=\"wp-page\" data-elementor-id=\"253\" class=\"elementor elementor-253\" data-elementor-post-type=\"page\">\n\t\t\t\t<div class=\"elementor-element elementor-element-2abf2116 e-con-full e-flex e-con e-parent\" data-id=\"2abf2116\" data-element_type=\"container\" id=\"btn-collecte\">\n\t\t<div class=\"elementor-element elementor-element-5db91d97 e-flex e-con-boxed e-con e-child\" data-id=\"5db91d97\" data-element_type=\"container\" data-settings=\"{&quot;background_background&quot;:&quot;gradient&quot;}\">\n\t\t\t\t\t<div class=\"e-con-inner\">\n\t\t\t\t<div class=\"elementor-element elementor-element-987e4dc elementor-widget elementor-widget-heading\" data-id=\"987e4dc\" data-element_type=\"widget\" data-settings=\"{&quot;ekit_we_effect_on&quot;:&quot;none&quot;}\" data-widget_type=\"heading.default\">\n\t\t\t\t\t<h1 class=\"elementor-heading-title elementor-size-default\">Collecte, Analyse de Donn\u00e9es et Gestion des \u00c9cosyst\u00e8mes<\/h1>\t\t\t\t<\/div>\n\t\t\t\t<div class=\"elementor-element elementor-element-27048c13 elementor-widget elementor-widget-text-editor\" data-id=\"27048c13\" data-element_type=\"widget\" data-settings=\"{&quot;ekit_we_effect_on&quot;:&quot;none&quot;}\" data-widget_type=\"text-editor.default\">\n\t\t\t\t\t\t\t\t\t<p><a href=\"https:\/\/cerese-group.com\/app\/\">Accueil<\/a>&gt;<a href=\"https:\/\/cerese-group.com\/app\/services\/\"> Services<\/a> &gt; Collecte, Analyse de Donn\u00e9es et Gestion des \u00c9cosyst\u00e8mes\u200b<\/p>\t\t\t\t\t\t\t\t<\/div>\n\t\t\t\t\t<\/div>\n\t\t\t\t<\/div>\n\t\t\t\t<\/div>\n\t\t<div class=\"elementor-element elementor-element-78045e6f e-flex e-con-boxed e-con e-parent\" data-id=\"78045e6f\" data-element_type=\"container\">\n\t\t\t\t\t<div class=\"e-con-inner\">\n\t\t<div class=\"elementor-element elementor-element-5157d5ce e-con-full e-flex e-con e-child\" data-id=\"5157d5ce\" data-element_type=\"container\">\n\t\t\t\t<div class=\"elementor-element elementor-element-2afcee0c elementor-widget elementor-widget-heading\" data-id=\"2afcee0c\" data-element_type=\"widget\" data-settings=\"{&quot;ekit_we_effect_on&quot;:&quot;none&quot;}\" data-widget_type=\"heading.default\">\n\t\t\t\t\t<h2 class=\"elementor-heading-title elementor-size-default\">Observer, mesurer et comprendre pour mieux prot\u00e9ger.<\/h2>\t\t\t\t<\/div>\n\t\t\t\t<div class=\"elementor-element elementor-element-21612965 elementor-widget elementor-widget-text-editor\" data-id=\"21612965\" data-element_type=\"widget\" data-settings=\"{&quot;ekit_we_effect_on&quot;:&quot;none&quot;}\" data-widget_type=\"text-editor.default\">\n\t\t\t\t\t\t\t\t\t<p data-start=\"1722\" data-end=\"1992\">Ce d\u00e9partement est le c\u0153ur scientifique du CERESE.<br data-start=\"3157\" data-end=\"3160\" \/>Il rassemble des <strong data-start=\"3177\" data-end=\"3272\">sp\u00e9cialistes en \u00e9chantillonnage, analyses environnementales et gestion des milieux naturels<\/strong>, afin d\u2019apporter une connaissance pr\u00e9cise et fiable des \u00e9cosyst\u00e8mes.<\/p>\t\t\t\t\t\t\t\t<\/div>\n\t\t\t\t<div class=\"elementor-element elementor-element-61f55fa8 elementor-widget elementor-widget-image\" data-id=\"61f55fa8\" data-element_type=\"widget\" data-settings=\"{&quot;ekit_we_effect_on&quot;:&quot;none&quot;}\" data-widget_type=\"image.default\">\n\t\t\t\t\t\t\t\t\t\t\t\t\t\t\t<img fetchpriority=\"high\" decoding=\"async\" width=\"2560\" height=\"1440\" src=\"https:\/\/cerese-group.com\/app\/wp-content\/uploads\/2025\/10\/DJI_0335-scaled.webp\" class=\"attachment-full size-full wp-image-102\" alt=\"CERESE\" srcset=\"https:\/\/cerese-group.com\/app\/wp-content\/uploads\/2025\/10\/DJI_0335-scaled.webp 2560w, https:\/\/cerese-group.com\/app\/wp-content\/uploads\/2025\/10\/DJI_0335-300x169.webp 300w, https:\/\/cerese-group.com\/app\/wp-content\/uploads\/2025\/10\/DJI_0335-1024x576.webp 1024w, https:\/\/cerese-group.com\/app\/wp-content\/uploads\/2025\/10\/DJI_0335-768x432.webp 768w, https:\/\/cerese-group.com\/app\/wp-content\/uploads\/2025\/10\/DJI_0335-1536x864.webp 1536w, https:\/\/cerese-group.com\/app\/wp-content\/uploads\/2025\/10\/DJI_0335-2048x1152.webp 2048w\" sizes=\"(max-width: 2560px) 100vw, 2560px\" \/>\t\t\t\t\t\t\t\t\t\t\t\t\t\t\t<\/div>\n\t\t\t\t<div class=\"elementor-element elementor-element-2516fda elementor-widget elementor-widget-text-editor\" data-id=\"2516fda\" data-element_type=\"widget\" data-settings=\"{&quot;ekit_we_effect_on&quot;:&quot;none&quot;}\" data-widget_type=\"text-editor.default\">\n\t\t\t\t\t\t\t\t\t<h3 data-start=\"3343\" data-end=\"3372\"><strong data-start=\"3347\" data-end=\"3372\">Axes d\u2019intervention :<\/strong><\/h3><h4 data-start=\"3373\" data-end=\"3425\"><strong data-start=\"3381\" data-end=\"3425\">Analyse et surveillance environnementale<\/strong><\/h4><p data-start=\"3428\" data-end=\"3508\">Suivi r\u00e9gulier de la qualit\u00e9 des eaux, des sols et des \u00e9cosyst\u00e8mes aquatiques.<\/p><p data-start=\"3428\" data-end=\"3508\">\u00c9laboration de plans de gestion et de restauration \u00e9cologique.<\/p><h4 data-start=\"3577\" data-end=\"3631\"><strong data-start=\"3585\" data-end=\"3631\">\u00c9tudes d\u2019impact et audits environnementaux<\/strong><\/h4><p data-start=\"3634\" data-end=\"3699\">R\u00e9alisation d\u2019EIES (\u00c9tudes d\u2019Impact Environnemental et Social).<\/p><p data-start=\"3702\" data-end=\"3747\">\u00c9valuations environnementales strat\u00e9giques.<\/p><p data-start=\"3750\" data-end=\"3797\">Audits r\u00e9glementaires et plans de mitigation.<\/p><h4 data-start=\"3799\" data-end=\"3852\"><strong data-start=\"3807\" data-end=\"3852\">\u00c9chantillonnage et traitement des donn\u00e9es<\/strong><\/h4><p data-start=\"3855\" data-end=\"3900\">Conception de strat\u00e9gies d\u2019\u00e9chantillonnage.<\/p><p data-start=\"3903\" data-end=\"3974\">Collecte, traitement et interpr\u00e9tation des donn\u00e9es environnementales.<\/p><p data-start=\"3977\" data-end=\"4036\">Production de rapports analytiques et de recommandations.<\/p>\t\t\t\t\t\t\t\t<\/div>\n\t\t\t\t<div class=\"elementor-element elementor-element-d4a3c29 elementor-widget elementor-widget-image-gallery\" data-id=\"d4a3c29\" data-element_type=\"widget\" data-settings=\"{&quot;ekit_we_effect_on&quot;:&quot;none&quot;}\" data-widget_type=\"image-gallery.default\">\n\t\t\t\t\t\t\t<div class=\"elementor-image-gallery\">\n\t\t\t<div id='gallery-1' class='gallery galleryid-253 gallery-columns-2 gallery-size-thumbnail'><figure class='gallery-item'>\n\t\t\t<div class='gallery-icon portrait'>\n\t\t\t\t<a data-elementor-open-lightbox=\"yes\" data-elementor-lightbox-slideshow=\"d4a3c29\" data-elementor-lightbox-title=\"Capture d\u2019\u00e9cran du 2025-12-03 14\" data-e-action-hash=\"#elementor-action%3Aaction%3Dlightbox%26settings%3DeyJpZCI6Njc1LCJ1cmwiOiJodHRwczpcL1wvY2VyZXNlLWdyb3VwLmNvbVwvYXBwXC93cC1jb250ZW50XC91cGxvYWRzXC8yMDI1XC8xMlwvQ2FwdHVyZS1kZWNyYW4tZHUtMjAyNS0xMi0wMy0xNC5wbmciLCJzbGlkZXNob3ciOiJkNGEzYzI5In0%3D\" href='https:\/\/cerese-group.com\/app\/wp-content\/uploads\/2025\/12\/Capture-decran-du-2025-12-03-14.png'><img decoding=\"async\" width=\"150\" height=\"150\" src=\"https:\/\/cerese-group.com\/app\/wp-content\/uploads\/2025\/12\/Capture-decran-du-2025-12-03-14-150x150.png\" class=\"attachment-thumbnail size-thumbnail\" alt=\"\" \/><\/a>\n\t\t\t<\/div><\/figure><figure class='gallery-item'>\n\t\t\t<div class='gallery-icon landscape'>\n\t\t\t\t<a data-elementor-open-lightbox=\"yes\" data-elementor-lightbox-slideshow=\"d4a3c29\" data-elementor-lightbox-title=\"cpr1\" data-e-action-hash=\"#elementor-action%3Aaction%3Dlightbox%26settings%3DeyJpZCI6MTEyLCJ1cmwiOiJodHRwczpcL1wvY2VyZXNlLWdyb3VwLmNvbVwvYXBwXC93cC1jb250ZW50XC91cGxvYWRzXC8yMDI1XC8xMFwvY3ByMS5qcGciLCJzbGlkZXNob3ciOiJkNGEzYzI5In0%3D\" href='https:\/\/cerese-group.com\/app\/wp-content\/uploads\/2025\/10\/cpr1.jpg'><img decoding=\"async\" width=\"150\" height=\"150\" src=\"https:\/\/cerese-group.com\/app\/wp-content\/uploads\/2025\/10\/cpr1-150x150.jpg\" class=\"attachment-thumbnail size-thumbnail\" alt=\"\" srcset=\"https:\/\/cerese-group.com\/app\/wp-content\/uploads\/2025\/10\/cpr1-150x150.jpg 150w, https:\/\/cerese-group.com\/app\/wp-content\/uploads\/2025\/10\/cpr1-300x300.jpg 300w, https:\/\/cerese-group.com\/app\/wp-content\/uploads\/2025\/10\/cpr1-768x768.jpg 768w, https:\/\/cerese-group.com\/app\/wp-content\/uploads\/2025\/10\/cpr1.jpg 970w\" sizes=\"(max-width: 150px) 100vw, 150px\" \/><\/a>\n\t\t\t<\/div><\/figure>\n\t\t<\/div>\n\t\t<\/div>\n\t\t\t\t\t\t<\/div>\n\t\t\t\t<div class=\"elementor-element elementor-element-1bf8f784 elementor-widget elementor-widget-text-editor\" data-id=\"1bf8f784\" data-element_type=\"widget\" data-settings=\"{&quot;ekit_we_effect_on&quot;:&quot;none&quot;}\" data-widget_type=\"text-editor.default\">\n\t\t\t\t\t\t\t\t\t<h3 data-start=\"4038\" data-end=\"4075\"><strong data-start=\"4042\" data-end=\"4075\">Outils et moyens techniques :<\/strong><\/h3><ul data-start=\"4076\" data-end=\"4259\"><li data-start=\"4076\" data-end=\"4133\"><p data-start=\"4078\" data-end=\"4133\">Capteurs et instruments de mesure de haute pr\u00e9cision.<\/p><\/li><li data-start=\"4134\" data-end=\"4191\"><p data-start=\"4136\" data-end=\"4191\">Logiciels de traitement de donn\u00e9es environnementales.<\/p><\/li><li data-start=\"4192\" data-end=\"4259\"><p data-start=\"4194\" data-end=\"4259\">Bases de donn\u00e9es g\u00e9or\u00e9f\u00e9renc\u00e9es pour la cartographie et le suivi.<\/p><\/li><\/ul>\t\t\t\t\t\t\t\t<\/div>\n\t\t\t\t<\/div>\n\t\t<div class=\"elementor-element elementor-element-6c3c9293 e-con-full e-flex e-con e-child\" data-id=\"6c3c9293\" data-element_type=\"container\">\n\t\t<div class=\"elementor-element elementor-element-76e2ee3a e-con-full e-flex e-con e-child\" data-id=\"76e2ee3a\" data-element_type=\"container\">\n\t\t\t\t<div class=\"elementor-element elementor-element-427ed10e elementor-widget elementor-widget-heading\" data-id=\"427ed10e\" data-element_type=\"widget\" data-settings=\"{&quot;ekit_we_effect_on&quot;:&quot;none&quot;}\" data-widget_type=\"heading.default\">\n\t\t\t\t\t<h4 class=\"elementor-heading-title elementor-size-default\">Liste des services<\/h4>\t\t\t\t<\/div>\n\t\t\t\t<div class=\"elementor-element elementor-element-188fa54f elementor-widget elementor-widget-spacer\" data-id=\"188fa54f\" data-element_type=\"widget\" data-settings=\"{&quot;ekit_we_effect_on&quot;:&quot;none&quot;}\" data-widget_type=\"spacer.default\">\n\t\t\t\t\t\t\t<div class=\"elementor-spacer\">\n\t\t\t<div class=\"elementor-spacer-inner\"><\/div>\n\t\t<\/div>\n\t\t\t\t\t\t<\/div>\n\t\t\t\t<div class=\"elementor-element elementor-element-76b011cd elementor-align-justify elementor-widget elementor-widget-button\" data-id=\"76b011cd\" data-element_type=\"widget\" data-settings=\"{&quot;ekit_we_effect_on&quot;:&quot;none&quot;}\" data-widget_type=\"button.default\">\n\t\t\t\t\t\t\t\t\t\t<a class=\"elementor-button elementor-button-link elementor-size-sm\" href=\"https:\/\/cerese-group.com\/app\/etudes-et-ingenierie-environnementale\/\">\n\t\t\t\t\t\t<span class=\"elementor-button-content-wrapper\">\n\t\t\t\t\t\t\t\t\t<span class=\"elementor-button-text\">\u00c9tudes et Ing\u00e9nierie Environnementale<\/span>\n\t\t\t\t\t<\/span>\n\t\t\t\t\t<\/a>\n\t\t\t\t\t\t\t\t<\/div>\n\t\t\t\t<div class=\"elementor-element elementor-element-b4287a5 elementor-align-justify elementor-widget elementor-widget-button\" data-id=\"b4287a5\" data-element_type=\"widget\" data-settings=\"{&quot;ekit_we_effect_on&quot;:&quot;none&quot;}\" data-widget_type=\"button.default\">\n\t\t\t\t\t\t\t\t\t\t<a class=\"elementor-button elementor-button-link elementor-size-sm\" href=\"https:\/\/cerese-group.com\/app\/services\/collecte-analyse-de-donnees-et-gestion-des-ecosystemes\/\">\n\t\t\t\t\t\t<span class=\"elementor-button-content-wrapper\">\n\t\t\t\t\t\t\t\t\t<span class=\"elementor-button-text\">Collecte, Analyse de Donn\u00e9es et Gestion des \u00c9cosyst\u00e8mes<\/span>\n\t\t\t\t\t<\/span>\n\t\t\t\t\t<\/a>\n\t\t\t\t\t\t\t\t<\/div>\n\t\t\t\t<div class=\"elementor-element elementor-element-56739e1f elementor-align-justify elementor-widget elementor-widget-button\" data-id=\"56739e1f\" data-element_type=\"widget\" data-settings=\"{&quot;ekit_we_effect_on&quot;:&quot;none&quot;}\" data-widget_type=\"button.default\">\n\t\t\t\t\t\t\t\t\t\t<a class=\"elementor-button elementor-button-link elementor-size-sm\" href=\"https:\/\/cerese-group.com\/app\/innovation-et-systemes-intelligents\/\">\n\t\t\t\t\t\t<span class=\"elementor-button-content-wrapper\">\n\t\t\t\t\t\t\t\t\t<span class=\"elementor-button-text\">Innovation et Syst\u00e8mes Intelligents<\/span>\n\t\t\t\t\t<\/span>\n\t\t\t\t\t<\/a>\n\t\t\t\t\t\t\t\t<\/div>\n\t\t\t\t<div class=\"elementor-element elementor-element-2b5ae76a elementor-align-justify elementor-widget elementor-widget-button\" data-id=\"2b5ae76a\" data-element_type=\"widget\" data-settings=\"{&quot;ekit_we_effect_on&quot;:&quot;none&quot;}\" data-widget_type=\"button.default\">\n\t\t\t\t\t\t\t\t\t\t<a class=\"elementor-button elementor-button-link elementor-size-sm\" href=\"https:\/\/cerese-group.com\/app\/conseil-et-renforcement-des-capacites\/\">\n\t\t\t\t\t\t<span class=\"elementor-button-content-wrapper\">\n\t\t\t\t\t\t\t\t\t<span class=\"elementor-button-text\">Conseil et Renforcement des Capacit\u00e9s<\/span>\n\t\t\t\t\t<\/span>\n\t\t\t\t\t<\/a>\n\t\t\t\t\t\t\t\t<\/div>\n\t\t\t\t<\/div>\n\t\t<div class=\"elementor-element elementor-element-70163431 e-con-full e-flex e-con e-child\" data-id=\"70163431\" data-element_type=\"container\">\n\t\t<div class=\"elementor-element elementor-element-724030f8 e-con-full e-flex e-con e-child\" data-id=\"724030f8\" data-element_type=\"container\" data-settings=\"{&quot;background_background&quot;:&quot;classic&quot;}\">\n\t\t\t\t<\/div>\n\t\t<div class=\"elementor-element elementor-element-4dab363f e-con-full e-flex e-con e-child\" data-id=\"4dab363f\" data-element_type=\"container\" data-settings=\"{&quot;background_background&quot;:&quot;gradient&quot;}\">\n\t\t\t\t<div class=\"elementor-element elementor-element-289123e elementor-widget elementor-widget-heading\" data-id=\"289123e\" data-element_type=\"widget\" data-settings=\"{&quot;ekit_we_effect_on&quot;:&quot;none&quot;}\" data-widget_type=\"heading.default\">\n\t\t\t\t\t<h4 class=\"elementor-heading-title elementor-size-default\">Vous avez une question ?\u200b<\/h4>\t\t\t\t<\/div>\n\t\t\t\t<div class=\"elementor-element elementor-element-14b2409 elementor-widget elementor-widget-text-editor\" data-id=\"14b2409\" data-element_type=\"widget\" data-settings=\"{&quot;ekit_we_effect_on&quot;:&quot;none&quot;}\" data-widget_type=\"text-editor.default\">\n\t\t\t\t\t\t\t\t\t<p><strong>Contactez nos experts<\/strong><\/p>\t\t\t\t\t\t\t\t<\/div>\n\t\t\t\t<div class=\"elementor-element elementor-element-5b73edcb elementor-view-stacked elementor-position-left elementor-mobile-position-left elementor-widget-mobile__width-initial elementor-shape-circle elementor-widget elementor-widget-icon-box\" data-id=\"5b73edcb\" data-element_type=\"widget\" data-settings=\"{&quot;ekit_we_effect_on&quot;:&quot;none&quot;}\" data-widget_type=\"icon-box.default\">\n\t\t\t\t\t\t\t<div class=\"elementor-icon-box-wrapper\">\n\n\t\t\t\t\t\t<div class=\"elementor-icon-box-icon\">\n\t\t\t\t<span  class=\"elementor-icon\">\n\t\t\t\t<svg aria-hidden=\"true\" class=\"e-font-icon-svg e-fas-phone-alt\" viewBox=\"0 0 512 512\" xmlns=\"http:\/\/www.w3.org\/2000\/svg\"><path d=\"M497.39 361.8l-112-48a24 24 0 0 0-28 6.9l-49.6 60.6A370.66 370.66 0 0 1 130.6 204.11l60.6-49.6a23.94 23.94 0 0 0 6.9-28l-48-112A24.16 24.16 0 0 0 122.6.61l-104 24A24 24 0 0 0 0 48c0 256.5 207.9 464 464 464a24 24 0 0 0 23.4-18.6l24-104a24.29 24.29 0 0 0-14.01-27.6z\"><\/path><\/svg>\t\t\t\t<\/span>\n\t\t\t<\/div>\n\t\t\t\n\t\t\t\t\t\t<div class=\"elementor-icon-box-content\">\n\n\t\t\t\t\t\t\t\t\t<p class=\"elementor-icon-box-title\">\n\t\t\t\t\t\t<span  >\n\t\t\t\t\t\t\tT\u00e9l\u00e9phone\t\t\t\t\t\t<\/span>\n\t\t\t\t\t<\/p>\n\t\t\t\t\n\t\t\t\t\t\t\t\t\t<p class=\"elementor-icon-box-description\">\n\t\t\t\t\t\t+229 01 426 036 30\t\t\t\t\t<\/p>\n\t\t\t\t\n\t\t\t<\/div>\n\t\t\t\n\t\t<\/div>\n\t\t\t\t\t\t<\/div>\n\t\t\t\t<\/div>\n\t\t<div class=\"elementor-element elementor-element-dc453e6 e-con-full e-flex e-con e-child\" data-id=\"dc453e6\" data-element_type=\"container\">\n\t\t\t\t<\/div>\n\t\t\t\t<\/div>\n\t\t\t\t<\/div>\n\t\t\t\t\t<\/div>\n\t\t\t\t<\/div>\n\t\t\t\t<\/div>\n\t\t","protected":false},"excerpt":{"rendered":"<p>Collecte, Analyse de Donn\u00e9es et Gestion des \u00c9cosyst\u00e8mes Accueil&gt; Services &gt; Collecte, Analyse de Donn\u00e9es et Gestion des \u00c9cosyst\u00e8mes\u200b Observer, mesurer et comprendre pour mieux prot\u00e9ger. Ce d\u00e9partement est le c\u0153ur scientifique du CERESE.Il rassemble des sp\u00e9cialistes en \u00e9chantillonnage, analyses environnementales et gestion des milieux naturels, afin d\u2019apporter une connaissance pr\u00e9cise et fiable des \u00e9cosyst\u00e8mes. [&hellip;]<\/p>\n","protected":false},"author":1,"featured_media":0,"parent":216,"menu_order":1,"comment_status":"closed","ping_status":"closed","template":"elementor_header_footer","meta":{"footnotes":""},"class_list":["post-253","page","type-page","status-publish","hentry"],"_links":{"self":[{"href":"https:\/\/cerese-group.com\/app\/wp-json\/wp\/v2\/pages\/253","targetHints":{"allow":["GET"]}}],"collection":[{"href":"https:\/\/cerese-group.com\/app\/wp-json\/wp\/v2\/pages"}],"about":[{"href":"https:\/\/cerese-group.com\/app\/wp-json\/wp\/v2\/types\/page"}],"author":[{"embeddable":true,"href":"https:\/\/cerese-group.com\/app\/wp-json\/wp\/v2\/users\/1"}],"replies":[{"embeddable":true,"href":"https:\/\/cerese-group.com\/app\/wp-json\/wp\/v2\/comments?post=253"}],"version-history":[{"count":69,"href":"https:\/\/cerese-group.com\/app\/wp-json\/wp\/v2\/pages\/253\/revisions"}],"predecessor-version":[{"id":907,"href":"https:\/\/cerese-group.com\/app\/wp-json\/wp\/v2\/pages\/253\/revisions\/907"}],"up":[{"embeddable":true,"href":"https:\/\/cerese-group.com\/app\/wp-json\/wp\/v2\/pages\/216"}],"wp:attachment":[{"href":"https:\/\/cerese-group.com\/app\/wp-json\/wp\/v2\/media?parent=253"}],"curies":[{"name":"wp","href":"https:\/\/api.w.org\/{rel}","templated":true}]}}